{"id":662,"date":"2022-06-01T21:45:51","date_gmt":"2022-06-01T21:45:51","guid":{"rendered":"https:\/\/dedenergia.com.br\/?page_id=662"},"modified":"2022-06-01T22:00:07","modified_gmt":"2022-06-01T22:00:07","slug":"instalacoes-eletricas","status":"publish","type":"page","link":"https:\/\/dedenergia.com.br\/index.php\/instalacoes-eletricas\/","title":{"rendered":"Instala\u00e7\u00f5es El\u00e9tricas"},"content":{"rendered":"\t\t<div data-elementor-type=\"wp-page\" data-elementor-id=\"662\" class=\"elementor elementor-662\">\n\t\t\t\t\t\t\t\t\t<section class=\"elementor-section elementor-top-section elementor-element elementor-element-6b0a85f elementor-section-boxed elementor-section-height-default elementor-section-height-default\" data-id=\"6b0a85f\" data-element_type=\"section\">\n\t\t\t\t\t\t<div class=\"elementor-container elementor-column-gap-default\">\n\t\t\t\t\t<div class=\"elementor-column elementor-col-100 elementor-top-column elementor-element elementor-element-46c3303\" data-id=\"46c3303\" data-element_type=\"column\">\n\t\t\t<div class=\"elementor-widget-wrap elementor-element-populated\">\n\t\t\t\t\t\t\t\t<div class=\"elementor-element elementor-element-d45e5ca elementor-widget elementor-widget-spacer\" data-id=\"d45e5ca\" data-element_type=\"widget\" data-widget_type=\"spacer.default\">\n\t\t\t\t<div class=\"elementor-widget-container\">\n\t\t\t<style>\/*! elementor - v3.6.0 - 21-03-2022 *\/\n.e-container.e-container--row .elementor-spacer-inner{width:var(--spacer-size)}.e-container.e-container--column .elementor-spacer-inner,.elementor-column .elementor-spacer-inner{height:var(--spacer-size)}<\/style>\t\t<div class=\"elementor-spacer\">\n\t\t\t<div class=\"elementor-spacer-inner\"><\/div>\n\t\t<\/div>\n\t\t\t\t<\/div>\n\t\t\t\t<\/div>\n\t\t\t\t\t<\/div>\n\t\t<\/div>\n\t\t\t\t\t\t\t<\/div>\n\t\t<\/section>\n\t\t\t\t<section class=\"elementor-section elementor-top-section elementor-element elementor-element-113d387 elementor-section-boxed elementor-section-height-default elementor-section-height-default\" data-id=\"113d387\" data-element_type=\"section\">\n\t\t\t\t\t\t<div class=\"elementor-container elementor-column-gap-default\">\n\t\t\t\t\t<div class=\"elementor-column elementor-col-100 elementor-top-column elementor-element elementor-element-6d56607\" data-id=\"6d56607\" data-element_type=\"column\">\n\t\t\t<div class=\"elementor-widget-wrap elementor-element-populated\">\n\t\t\t\t\t\t\t\t<div class=\"elementor-element elementor-element-9f6041d elementor-widget elementor-widget-heading\" data-id=\"9f6041d\" data-element_type=\"widget\" data-widget_type=\"heading.default\">\n\t\t\t\t<div class=\"elementor-widget-container\">\n\t\t\t<style>\/*! elementor - v3.6.0 - 21-03-2022 *\/\n.elementor-heading-title{padding:0;margin:0;line-height:1}.elementor-widget-heading .elementor-heading-title[class*=elementor-size-]>a{color:inherit;font-size:inherit;line-height:inherit}.elementor-widget-heading .elementor-heading-title.elementor-size-small{font-size:15px}.elementor-widget-heading .elementor-heading-title.elementor-size-medium{font-size:19px}.elementor-widget-heading .elementor-heading-title.elementor-size-large{font-size:29px}.elementor-widget-heading .elementor-heading-title.elementor-size-xl{font-size:39px}.elementor-widget-heading .elementor-heading-title.elementor-size-xxl{font-size:59px}<\/style><h1 class=\"elementor-heading-title elementor-size-large\">Instala\u00e7\u00f5es El\u00e9tricas<\/h1>\t\t<\/div>\n\t\t\t\t<\/div>\n\t\t\t\t\t<\/div>\n\t\t<\/div>\n\t\t\t\t\t\t\t<\/div>\n\t\t<\/section>\n\t\t\t\t<section class=\"elementor-section elementor-top-section elementor-element elementor-element-63e63a3 elementor-section-boxed elementor-section-height-default elementor-section-height-default\" data-id=\"63e63a3\" data-element_type=\"section\">\n\t\t\t\t\t\t<div class=\"elementor-container elementor-column-gap-default\">\n\t\t\t\t\t<div class=\"elementor-column elementor-col-100 elementor-top-column elementor-element elementor-element-930f473\" data-id=\"930f473\" data-element_type=\"column\">\n\t\t\t<div class=\"elementor-widget-wrap elementor-element-populated\">\n\t\t\t\t\t\t\t\t<div class=\"elementor-element elementor-element-1c78abf elementor-widget elementor-widget-spacer\" data-id=\"1c78abf\" data-element_type=\"widget\" data-widget_type=\"spacer.default\">\n\t\t\t\t<div class=\"elementor-widget-container\">\n\t\t\t\t\t<div class=\"elementor-spacer\">\n\t\t\t<div class=\"elementor-spacer-inner\"><\/div>\n\t\t<\/div>\n\t\t\t\t<\/div>\n\t\t\t\t<\/div>\n\t\t\t\t\t<\/div>\n\t\t<\/div>\n\t\t\t\t\t\t\t<\/div>\n\t\t<\/section>\n\t\t\t\t<section class=\"elementor-section elementor-top-section elementor-element elementor-element-bba1be9 elementor-section-boxed elementor-section-height-default elementor-section-height-default\" data-id=\"bba1be9\" data-element_type=\"section\">\n\t\t\t\t\t\t<div class=\"elementor-container elementor-column-gap-default\">\n\t\t\t\t\t<div class=\"elementor-column elementor-col-100 elementor-top-column elementor-element elementor-element-5c6c0ee\" data-id=\"5c6c0ee\" data-element_type=\"column\">\n\t\t\t<div class=\"elementor-widget-wrap elementor-element-populated\">\n\t\t\t\t\t\t\t\t<div class=\"elementor-element elementor-element-6b1f3db elementor-widget elementor-widget-image-gallery\" data-id=\"6b1f3db\" data-element_type=\"widget\" data-widget_type=\"image-gallery.default\">\n\t\t\t\t<div class=\"elementor-widget-container\">\n\t\t\t<style>\/*! elementor - v3.6.0 - 21-03-2022 *\/\n.elementor-image-gallery .gallery-item{display:inline-block;text-align:center;vertical-align:top;width:100%;max-width:100%;margin:0 auto}.elementor-image-gallery .gallery-item img{margin:0 auto}.elementor-image-gallery .gallery-item .gallery-caption{margin:0}.elementor-image-gallery figure img{display:block}.elementor-image-gallery figure figcaption{width:100%}.gallery-spacing-custom .elementor-image-gallery .gallery-icon{padding:0}@media (min-width:768px){.elementor-image-gallery .gallery-columns-2 .gallery-item{max-width:50%}.elementor-image-gallery .gallery-columns-3 .gallery-item{max-width:33.33%}.elementor-image-gallery .gallery-columns-4 .gallery-item{max-width:25%}.elementor-image-gallery .gallery-columns-5 .gallery-item{max-width:20%}.elementor-image-gallery .gallery-columns-6 .gallery-item{max-width:16.666%}.elementor-image-gallery .gallery-columns-7 .gallery-item{max-width:14.28%}.elementor-image-gallery .gallery-columns-8 .gallery-item{max-width:12.5%}.elementor-image-gallery .gallery-columns-9 .gallery-item{max-width:11.11%}.elementor-image-gallery .gallery-columns-10 .gallery-item{max-width:10%}}@media (min-width:480px) and (max-width:767px){.elementor-image-gallery .gallery.gallery-columns-2 .gallery-item,.elementor-image-gallery .gallery.gallery-columns-3 .gallery-item,.elementor-image-gallery .gallery.gallery-columns-4 .gallery-item,.elementor-image-gallery .gallery.gallery-columns-5 .gallery-item,.elementor-image-gallery .gallery.gallery-columns-6 .gallery-item,.elementor-image-gallery .gallery.gallery-columns-7 .gallery-item,.elementor-image-gallery .gallery.gallery-columns-8 .gallery-item,.elementor-image-gallery .gallery.gallery-columns-9 .gallery-item,.elementor-image-gallery .gallery.gallery-columns-10 .gallery-item{max-width:50%}}@media (max-width:479px){.elementor-image-gallery .gallery.gallery-columns-2 .gallery-item,.elementor-image-gallery .gallery.gallery-columns-3 .gallery-item,.elementor-image-gallery .gallery.gallery-columns-4 .gallery-item,.elementor-image-gallery .gallery.gallery-columns-5 .gallery-item,.elementor-image-gallery .gallery.gallery-columns-6 .gallery-item,.elementor-image-gallery .gallery.gallery-columns-7 .gallery-item,.elementor-image-gallery .gallery.gallery-columns-8 .gallery-item,.elementor-image-gallery .gallery.gallery-columns-9 .gallery-item,.elementor-image-gallery .gallery.gallery-columns-10 .gallery-item{max-width:100%}}<\/style>\t\t<div class=\"elementor-image-gallery\">\n\t\t\t<div id='gallery-1' class='gallery galleryid-662 gallery-columns-4 gallery-size-thumbnail'><figure class='gallery-item'>\n\t\t\t<div class='gallery-icon portrait'>\n\t\t\t\t<a data-elementor-open-lightbox=\"yes\" data-elementor-lightbox-slideshow=\"6b1f3db\" data-elementor-lightbox-title=\"WhatsApp Image 2021-07-19 at 11.07.06 (2)\" e-action-hash=\"#elementor-action%3Aaction%3Dlightbox%26settings%3DeyJpZCI6NjY0LCJ1cmwiOiJodHRwczpcL1wvZGVkZW5lcmdpYS5jb20uYnJcL3dwLWNvbnRlbnRcL3VwbG9hZHNcLzIwMjJcLzA2XC9XaGF0c0FwcC1JbWFnZS0yMDIxLTA3LTE5LWF0LTExLjA3LjA2LTIuanBlZyIsInNsaWRlc2hvdyI6IjZiMWYzZGIifQ%3D%3D\" href='https:\/\/dedenergia.com.br\/wp-content\/uploads\/2022\/06\/WhatsApp-Image-2021-07-19-at-11.07.06-2.jpeg'><img width=\"150\" height=\"150\" src=\"https:\/\/dedenergia.com.br\/wp-content\/uploads\/2022\/06\/WhatsApp-Image-2021-07-19-at-11.07.06-2-150x150.jpeg\" class=\"attachment-thumbnail size-thumbnail\" alt=\"\" loading=\"lazy\" \/><\/a>\n\t\t\t<\/div><\/figure><figure class='gallery-item'>\n\t\t\t<div class='gallery-icon portrait'>\n\t\t\t\t<a data-elementor-open-lightbox=\"yes\" data-elementor-lightbox-slideshow=\"6b1f3db\" data-elementor-lightbox-title=\"WhatsApp Image 2021-07-19 at 11.07.06 (3)\" e-action-hash=\"#elementor-action%3Aaction%3Dlightbox%26settings%3DeyJpZCI6NjY1LCJ1cmwiOiJodHRwczpcL1wvZGVkZW5lcmdpYS5jb20uYnJcL3dwLWNvbnRlbnRcL3VwbG9hZHNcLzIwMjJcLzA2XC9XaGF0c0FwcC1JbWFnZS0yMDIxLTA3LTE5LWF0LTExLjA3LjA2LTMuanBlZyIsInNsaWRlc2hvdyI6IjZiMWYzZGIifQ%3D%3D\" href='https:\/\/dedenergia.com.br\/wp-content\/uploads\/2022\/06\/WhatsApp-Image-2021-07-19-at-11.07.06-3.jpeg'><img width=\"150\" height=\"150\" src=\"https:\/\/dedenergia.com.br\/wp-content\/uploads\/2022\/06\/WhatsApp-Image-2021-07-19-at-11.07.06-3-150x150.jpeg\" class=\"attachment-thumbnail size-thumbnail\" alt=\"\" loading=\"lazy\" \/><\/a>\n\t\t\t<\/div><\/figure><figure class='gallery-item'>\n\t\t\t<div class='gallery-icon portrait'>\n\t\t\t\t<a data-elementor-open-lightbox=\"yes\" data-elementor-lightbox-slideshow=\"6b1f3db\" data-elementor-lightbox-title=\"WhatsApp Image 2021-07-19 at 11.07.07\" e-action-hash=\"#elementor-action%3Aaction%3Dlightbox%26settings%3DeyJpZCI6NjY2LCJ1cmwiOiJodHRwczpcL1wvZGVkZW5lcmdpYS5jb20uYnJcL3dwLWNvbnRlbnRcL3VwbG9hZHNcLzIwMjJcLzA2XC9XaGF0c0FwcC1JbWFnZS0yMDIxLTA3LTE5LWF0LTExLjA3LjA3LmpwZWciLCJzbGlkZXNob3ciOiI2YjFmM2RiIn0%3D\" href='https:\/\/dedenergia.com.br\/wp-content\/uploads\/2022\/06\/WhatsApp-Image-2021-07-19-at-11.07.07.jpeg'><img width=\"150\" height=\"150\" src=\"https:\/\/dedenergia.com.br\/wp-content\/uploads\/2022\/06\/WhatsApp-Image-2021-07-19-at-11.07.07-150x150.jpeg\" class=\"attachment-thumbnail size-thumbnail\" alt=\"\" loading=\"lazy\" \/><\/a>\n\t\t\t<\/div><\/figure><figure class='gallery-item'>\n\t\t\t<div class='gallery-icon portrait'>\n\t\t\t\t<a data-elementor-open-lightbox=\"yes\" data-elementor-lightbox-slideshow=\"6b1f3db\" data-elementor-lightbox-title=\"WhatsApp Image 2021-08-24 at 08.09.00 (3)\" e-action-hash=\"#elementor-action%3Aaction%3Dlightbox%26settings%3DeyJpZCI6NjY3LCJ1cmwiOiJodHRwczpcL1wvZGVkZW5lcmdpYS5jb20uYnJcL3dwLWNvbnRlbnRcL3VwbG9hZHNcLzIwMjJcLzA2XC9XaGF0c0FwcC1JbWFnZS0yMDIxLTA4LTI0LWF0LTA4LjA5LjAwLTMuanBlZyIsInNsaWRlc2hvdyI6IjZiMWYzZGIifQ%3D%3D\" href='https:\/\/dedenergia.com.br\/wp-content\/uploads\/2022\/06\/WhatsApp-Image-2021-08-24-at-08.09.00-3.jpeg'><img width=\"150\" height=\"150\" src=\"https:\/\/dedenergia.com.br\/wp-content\/uploads\/2022\/06\/WhatsApp-Image-2021-08-24-at-08.09.00-3-150x150.jpeg\" class=\"attachment-thumbnail size-thumbnail\" alt=\"\" loading=\"lazy\" \/><\/a>\n\t\t\t<\/div><\/figure><figure class='gallery-item'>\n\t\t\t<div class='gallery-icon portrait'>\n\t\t\t\t<a data-elementor-open-lightbox=\"yes\" data-elementor-lightbox-slideshow=\"6b1f3db\" data-elementor-lightbox-title=\"WhatsApp Image 2021-08-24 at 08.09.00\" e-action-hash=\"#elementor-action%3Aaction%3Dlightbox%26settings%3DeyJpZCI6NjY4LCJ1cmwiOiJodHRwczpcL1wvZGVkZW5lcmdpYS5jb20uYnJcL3dwLWNvbnRlbnRcL3VwbG9hZHNcLzIwMjJcLzA2XC9XaGF0c0FwcC1JbWFnZS0yMDIxLTA4LTI0LWF0LTA4LjA5LjAwLmpwZWciLCJzbGlkZXNob3ciOiI2YjFmM2RiIn0%3D\" href='https:\/\/dedenergia.com.br\/wp-content\/uploads\/2022\/06\/WhatsApp-Image-2021-08-24-at-08.09.00.jpeg'><img width=\"150\" height=\"150\" src=\"https:\/\/dedenergia.com.br\/wp-content\/uploads\/2022\/06\/WhatsApp-Image-2021-08-24-at-08.09.00-150x150.jpeg\" class=\"attachment-thumbnail size-thumbnail\" alt=\"\" loading=\"lazy\" \/><\/a>\n\t\t\t<\/div><\/figure><figure class='gallery-item'>\n\t\t\t<div class='gallery-icon portrait'>\n\t\t\t\t<a data-elementor-open-lightbox=\"yes\" data-elementor-lightbox-slideshow=\"6b1f3db\" data-elementor-lightbox-title=\"WhatsApp Image 2021-08-25 at 19.25.36\" e-action-hash=\"#elementor-action%3Aaction%3Dlightbox%26settings%3DeyJpZCI6NjY5LCJ1cmwiOiJodHRwczpcL1wvZGVkZW5lcmdpYS5jb20uYnJcL3dwLWNvbnRlbnRcL3VwbG9hZHNcLzIwMjJcLzA2XC9XaGF0c0FwcC1JbWFnZS0yMDIxLTA4LTI1LWF0LTE5LjI1LjM2LmpwZWciLCJzbGlkZXNob3ciOiI2YjFmM2RiIn0%3D\" href='https:\/\/dedenergia.com.br\/wp-content\/uploads\/2022\/06\/WhatsApp-Image-2021-08-25-at-19.25.36.jpeg'><img width=\"150\" height=\"150\" src=\"https:\/\/dedenergia.com.br\/wp-content\/uploads\/2022\/06\/WhatsApp-Image-2021-08-25-at-19.25.36-150x150.jpeg\" class=\"attachment-thumbnail size-thumbnail\" alt=\"\" loading=\"lazy\" \/><\/a>\n\t\t\t<\/div><\/figure><figure class='gallery-item'>\n\t\t\t<div class='gallery-icon portrait'>\n\t\t\t\t<a data-elementor-open-lightbox=\"yes\" data-elementor-lightbox-slideshow=\"6b1f3db\" data-elementor-lightbox-title=\"WhatsApp Image 2021-09-26 at 16.52.40\" e-action-hash=\"#elementor-action%3Aaction%3Dlightbox%26settings%3DeyJpZCI6NjcwLCJ1cmwiOiJodHRwczpcL1wvZGVkZW5lcmdpYS5jb20uYnJcL3dwLWNvbnRlbnRcL3VwbG9hZHNcLzIwMjJcLzA2XC9XaGF0c0FwcC1JbWFnZS0yMDIxLTA5LTI2LWF0LTE2LjUyLjQwLmpwZWciLCJzbGlkZXNob3ciOiI2YjFmM2RiIn0%3D\" href='https:\/\/dedenergia.com.br\/wp-content\/uploads\/2022\/06\/WhatsApp-Image-2021-09-26-at-16.52.40.jpeg'><img width=\"150\" height=\"150\" src=\"https:\/\/dedenergia.com.br\/wp-content\/uploads\/2022\/06\/WhatsApp-Image-2021-09-26-at-16.52.40-150x150.jpeg\" class=\"attachment-thumbnail size-thumbnail\" alt=\"\" loading=\"lazy\" \/><\/a>\n\t\t\t<\/div><\/figure><figure class='gallery-item'>\n\t\t\t<div class='gallery-icon portrait'>\n\t\t\t\t<a data-elementor-open-lightbox=\"yes\" data-elementor-lightbox-slideshow=\"6b1f3db\" data-elementor-lightbox-title=\"WhatsApp Image 2021-09-26 at 16.52.41\" e-action-hash=\"#elementor-action%3Aaction%3Dlightbox%26settings%3DeyJpZCI6NjcxLCJ1cmwiOiJodHRwczpcL1wvZGVkZW5lcmdpYS5jb20uYnJcL3dwLWNvbnRlbnRcL3VwbG9hZHNcLzIwMjJcLzA2XC9XaGF0c0FwcC1JbWFnZS0yMDIxLTA5LTI2LWF0LTE2LjUyLjQxLmpwZWciLCJzbGlkZXNob3ciOiI2YjFmM2RiIn0%3D\" href='https:\/\/dedenergia.com.br\/wp-content\/uploads\/2022\/06\/WhatsApp-Image-2021-09-26-at-16.52.41.jpeg'><img width=\"150\" height=\"150\" src=\"https:\/\/dedenergia.com.br\/wp-content\/uploads\/2022\/06\/WhatsApp-Image-2021-09-26-at-16.52.41-150x150.jpeg\" class=\"attachment-thumbnail size-thumbnail\" alt=\"\" loading=\"lazy\" \/><\/a>\n\t\t\t<\/div><\/figure><figure class='gallery-item'>\n\t\t\t<div class='gallery-icon portrait'>\n\t\t\t\t<a data-elementor-open-lightbox=\"yes\" data-elementor-lightbox-slideshow=\"6b1f3db\" data-elementor-lightbox-title=\"WhatsApp Image 2021-10-07 at 07.49.43 (1)\" e-action-hash=\"#elementor-action%3Aaction%3Dlightbox%26settings%3DeyJpZCI6NjcyLCJ1cmwiOiJodHRwczpcL1wvZGVkZW5lcmdpYS5jb20uYnJcL3dwLWNvbnRlbnRcL3VwbG9hZHNcLzIwMjJcLzA2XC9XaGF0c0FwcC1JbWFnZS0yMDIxLTEwLTA3LWF0LTA3LjQ5LjQzLTEuanBlZyIsInNsaWRlc2hvdyI6IjZiMWYzZGIifQ%3D%3D\" href='https:\/\/dedenergia.com.br\/wp-content\/uploads\/2022\/06\/WhatsApp-Image-2021-10-07-at-07.49.43-1.jpeg'><img width=\"150\" height=\"150\" src=\"https:\/\/dedenergia.com.br\/wp-content\/uploads\/2022\/06\/WhatsApp-Image-2021-10-07-at-07.49.43-1-150x150.jpeg\" class=\"attachment-thumbnail size-thumbnail\" alt=\"\" loading=\"lazy\" \/><\/a>\n\t\t\t<\/div><\/figure><figure class='gallery-item'>\n\t\t\t<div class='gallery-icon portrait'>\n\t\t\t\t<a data-elementor-open-lightbox=\"yes\" data-elementor-lightbox-slideshow=\"6b1f3db\" data-elementor-lightbox-title=\"WhatsApp Image 2021-10-07 at 07.49.43\" e-action-hash=\"#elementor-action%3Aaction%3Dlightbox%26settings%3DeyJpZCI6NjczLCJ1cmwiOiJodHRwczpcL1wvZGVkZW5lcmdpYS5jb20uYnJcL3dwLWNvbnRlbnRcL3VwbG9hZHNcLzIwMjJcLzA2XC9XaGF0c0FwcC1JbWFnZS0yMDIxLTEwLTA3LWF0LTA3LjQ5LjQzLmpwZWciLCJzbGlkZXNob3ciOiI2YjFmM2RiIn0%3D\" href='https:\/\/dedenergia.com.br\/wp-content\/uploads\/2022\/06\/WhatsApp-Image-2021-10-07-at-07.49.43.jpeg'><img width=\"150\" height=\"150\" src=\"https:\/\/dedenergia.com.br\/wp-content\/uploads\/2022\/06\/WhatsApp-Image-2021-10-07-at-07.49.43-150x150.jpeg\" class=\"attachment-thumbnail size-thumbnail\" alt=\"\" loading=\"lazy\" \/><\/a>\n\t\t\t<\/div><\/figure><figure class='gallery-item'>\n\t\t\t<div class='gallery-icon portrait'>\n\t\t\t\t<a data-elementor-open-lightbox=\"yes\" data-elementor-lightbox-slideshow=\"6b1f3db\" data-elementor-lightbox-title=\"WhatsApp Image 2021-10-07 at 07.49.45\" e-action-hash=\"#elementor-action%3Aaction%3Dlightbox%26settings%3DeyJpZCI6Njc0LCJ1cmwiOiJodHRwczpcL1wvZGVkZW5lcmdpYS5jb20uYnJcL3dwLWNvbnRlbnRcL3VwbG9hZHNcLzIwMjJcLzA2XC9XaGF0c0FwcC1JbWFnZS0yMDIxLTEwLTA3LWF0LTA3LjQ5LjQ1LmpwZWciLCJzbGlkZXNob3ciOiI2YjFmM2RiIn0%3D\" href='https:\/\/dedenergia.com.br\/wp-content\/uploads\/2022\/06\/WhatsApp-Image-2021-10-07-at-07.49.45.jpeg'><img width=\"150\" height=\"150\" src=\"https:\/\/dedenergia.com.br\/wp-content\/uploads\/2022\/06\/WhatsApp-Image-2021-10-07-at-07.49.45-150x150.jpeg\" class=\"attachment-thumbnail size-thumbnail\" alt=\"\" loading=\"lazy\" \/><\/a>\n\t\t\t<\/div><\/figure><figure class='gallery-item'>\n\t\t\t<div class='gallery-icon portrait'>\n\t\t\t\t<a data-elementor-open-lightbox=\"yes\" data-elementor-lightbox-slideshow=\"6b1f3db\" data-elementor-lightbox-title=\"WhatsApp Image 2021-11-18 at 12.03.29\" e-action-hash=\"#elementor-action%3Aaction%3Dlightbox%26settings%3DeyJpZCI6Njc1LCJ1cmwiOiJodHRwczpcL1wvZGVkZW5lcmdpYS5jb20uYnJcL3dwLWNvbnRlbnRcL3VwbG9hZHNcLzIwMjJcLzA2XC9XaGF0c0FwcC1JbWFnZS0yMDIxLTExLTE4LWF0LTEyLjAzLjI5LmpwZWciLCJzbGlkZXNob3ciOiI2YjFmM2RiIn0%3D\" href='https:\/\/dedenergia.com.br\/wp-content\/uploads\/2022\/06\/WhatsApp-Image-2021-11-18-at-12.03.29.jpeg'><img width=\"150\" height=\"150\" src=\"https:\/\/dedenergia.com.br\/wp-content\/uploads\/2022\/06\/WhatsApp-Image-2021-11-18-at-12.03.29-150x150.jpeg\" class=\"attachment-thumbnail size-thumbnail\" alt=\"\" loading=\"lazy\" \/><\/a>\n\t\t\t<\/div><\/figure><figure class='gallery-item'>\n\t\t\t<div class='gallery-icon portrait'>\n\t\t\t\t<a data-elementor-open-lightbox=\"yes\" data-elementor-lightbox-slideshow=\"6b1f3db\" data-elementor-lightbox-title=\"WhatsApp Image 2021-11-18 at 12.03.30\" e-action-hash=\"#elementor-action%3Aaction%3Dlightbox%26settings%3DeyJpZCI6Njc2LCJ1cmwiOiJodHRwczpcL1wvZGVkZW5lcmdpYS5jb20uYnJcL3dwLWNvbnRlbnRcL3VwbG9hZHNcLzIwMjJcLzA2XC9XaGF0c0FwcC1JbWFnZS0yMDIxLTExLTE4LWF0LTEyLjAzLjMwLmpwZWciLCJzbGlkZXNob3ciOiI2YjFmM2RiIn0%3D\" href='https:\/\/dedenergia.com.br\/wp-content\/uploads\/2022\/06\/WhatsApp-Image-2021-11-18-at-12.03.30.jpeg'><img width=\"150\" height=\"150\" src=\"https:\/\/dedenergia.com.br\/wp-content\/uploads\/2022\/06\/WhatsApp-Image-2021-11-18-at-12.03.30-150x150.jpeg\" class=\"attachment-thumbnail size-thumbnail\" alt=\"\" loading=\"lazy\" \/><\/a>\n\t\t\t<\/div><\/figure><figure class='gallery-item'>\n\t\t\t<div class='gallery-icon portrait'>\n\t\t\t\t<a data-elementor-open-lightbox=\"yes\" data-elementor-lightbox-slideshow=\"6b1f3db\" data-elementor-lightbox-title=\"WhatsApp Image 2021-11-18 at 12.03.31\" e-action-hash=\"#elementor-action%3Aaction%3Dlightbox%26settings%3DeyJpZCI6Njc3LCJ1cmwiOiJodHRwczpcL1wvZGVkZW5lcmdpYS5jb20uYnJcL3dwLWNvbnRlbnRcL3VwbG9hZHNcLzIwMjJcLzA2XC9XaGF0c0FwcC1JbWFnZS0yMDIxLTExLTE4LWF0LTEyLjAzLjMxLmpwZWciLCJzbGlkZXNob3ciOiI2YjFmM2RiIn0%3D\" href='https:\/\/dedenergia.com.br\/wp-content\/uploads\/2022\/06\/WhatsApp-Image-2021-11-18-at-12.03.31.jpeg'><img width=\"150\" height=\"150\" src=\"https:\/\/dedenergia.com.br\/wp-content\/uploads\/2022\/06\/WhatsApp-Image-2021-11-18-at-12.03.31-150x150.jpeg\" class=\"attachment-thumbnail size-thumbnail\" alt=\"\" loading=\"lazy\" \/><\/a>\n\t\t\t<\/div><\/figure><figure class='gallery-item'>\n\t\t\t<div class='gallery-icon landscape'>\n\t\t\t\t<a data-elementor-open-lightbox=\"yes\" data-elementor-lightbox-slideshow=\"6b1f3db\" data-elementor-lightbox-title=\"WhatsApp Image 2021-11-18 at 12.03.32 (1)\" e-action-hash=\"#elementor-action%3Aaction%3Dlightbox%26settings%3DeyJpZCI6Njc4LCJ1cmwiOiJodHRwczpcL1wvZGVkZW5lcmdpYS5jb20uYnJcL3dwLWNvbnRlbnRcL3VwbG9hZHNcLzIwMjJcLzA2XC9XaGF0c0FwcC1JbWFnZS0yMDIxLTExLTE4LWF0LTEyLjAzLjMyLTEuanBlZyIsInNsaWRlc2hvdyI6IjZiMWYzZGIifQ%3D%3D\" href='https:\/\/dedenergia.com.br\/wp-content\/uploads\/2022\/06\/WhatsApp-Image-2021-11-18-at-12.03.32-1.jpeg'><img width=\"150\" height=\"150\" src=\"https:\/\/dedenergia.com.br\/wp-content\/uploads\/2022\/06\/WhatsApp-Image-2021-11-18-at-12.03.32-1-150x150.jpeg\" class=\"attachment-thumbnail size-thumbnail\" alt=\"\" loading=\"lazy\" \/><\/a>\n\t\t\t<\/div><\/figure>\n\t\t<\/div>\n\t\t<\/div>\n\t\t\t\t<\/div>\n\t\t\t\t<\/div>\n\t\t\t\t\t<\/div>\n\t\t<\/div>\n\t\t\t\t\t\t\t<\/div>\n\t\t<\/section>\n\t\t\t\t<section class=\"elementor-section elementor-top-section elementor-element elementor-element-6c4c791 elementor-section-boxed elementor-section-height-default elementor-section-height-default\" data-id=\"6c4c791\" data-element_type=\"section\">\n\t\t\t\t\t\t<div class=\"elementor-container elementor-column-gap-default\">\n\t\t\t\t\t<div class=\"elementor-column elementor-col-100 elementor-top-column elementor-element elementor-element-3dc7041\" data-id=\"3dc7041\" data-element_type=\"column\">\n\t\t\t<div class=\"elementor-widget-wrap elementor-element-populated\">\n\t\t\t\t\t\t\t\t<div class=\"elementor-element elementor-element-8a2c15b elementor-widget elementor-widget-spacer\" data-id=\"8a2c15b\" data-element_type=\"widget\" data-widget_type=\"spacer.default\">\n\t\t\t\t<div class=\"elementor-widget-container\">\n\t\t\t\t\t<div class=\"elementor-spacer\">\n\t\t\t<div class=\"elementor-spacer-inner\"><\/div>\n\t\t<\/div>\n\t\t\t\t<\/div>\n\t\t\t\t<\/div>\n\t\t\t\t\t<\/div>\n\t\t<\/div>\n\t\t\t\t\t\t\t<\/div>\n\t\t<\/section>\n\t\t\t\t\t\t\t<\/div>\n\t\t","protected":false},"excerpt":{"rendered":"<p>Instala\u00e7\u00f5es El\u00e9tricas<\/p>\n","protected":false},"author":1,"featured_media":0,"parent":0,"menu_order":0,"comment_status":"closed","ping_status":"closed","template":"","meta":[],"_links":{"self":[{"href":"https:\/\/dedenergia.com.br\/index.php\/wp-json\/wp\/v2\/pages\/662"}],"collection":[{"href":"https:\/\/dedenergia.com.br\/index.php\/wp-json\/wp\/v2\/pages"}],"about":[{"href":"https:\/\/dedenergia.com.br\/index.php\/wp-json\/wp\/v2\/types\/page"}],"author":[{"embeddable":true,"href":"https:\/\/dedenergia.com.br\/index.php\/wp-json\/wp\/v2\/users\/1"}],"replies":[{"embeddable":true,"href":"https:\/\/dedenergia.com.br\/index.php\/wp-json\/wp\/v2\/comments?post=662"}],"version-history":[{"count":11,"href":"https:\/\/dedenergia.com.br\/index.php\/wp-json\/wp\/v2\/pages\/662\/revisions"}],"predecessor-version":[{"id":696,"href":"https:\/\/dedenergia.com.br\/index.php\/wp-json\/wp\/v2\/pages\/662\/revisions\/696"}],"wp:attachment":[{"href":"https:\/\/dedenergia.com.br\/index.php\/wp-json\/wp\/v2\/media?parent=662"}],"curies":[{"name":"wp","href":"https:\/\/api.w.org\/{rel}","templated":true}]}}